{"id":617,"date":"2024-07-23T20:55:11","date_gmt":"2024-07-23T20:55:11","guid":{"rendered":"https:\/\/norterodados.com\/agrale\/?page_id=617"},"modified":"2025-05-29T12:50:35","modified_gmt":"2025-05-29T15:50:35","slug":"tractores","status":"publish","type":"page","link":"https:\/\/norterodados.com\/agrale\/tractores\/","title":{"rendered":"Tractores"},"content":{"rendered":"<section class=\"l-section wpb_row us_custom_91983388 height_small color_primary\"><div class=\"l-section-h i-cf\"><div class=\"g-cols vc_row via_grid cols_2 laptops-cols_inherit tablets-cols_inherit mobiles-cols_1 valign_top type_default stacking_default\"><div class=\"wpb_column vc_column_container\"><div class=\"vc_column-inner\"><div class=\"wpb_text_column us_custom_3e61e5ed\"><div class=\"wpb_wrapper\"><p>TRACTORES<\/p>\n<\/div><\/div><\/div><\/div><div class=\"wpb_column vc_column_container\"><div class=\"vc_column-inner\"><\/div><\/div><\/div><\/div><\/section><section class=\"l-section wpb_row us_custom_83d4fab2 hide_on_tablets hide_on_mobiles height_auto with_img\"><div class=\"l-section-img\" role=\"img\" data-img-width=\"1920\" data-img-height=\"450\" style=\"background-image: url(https:\/\/norterodados.com\/agrale\/wp-content\/uploads\/2025\/05\/BANNER_PAGINA_TRACTORES_DSKP.webp);\"><\/div><div class=\"l-section-h i-cf\"><div class=\"g-cols vc_row via_grid cols_1 laptops-cols_inherit tablets-cols_inherit mobiles-cols_1 valign_top type_default stacking_default\"><div class=\"wpb_column vc_column_container\"><div class=\"vc_column-inner\"><\/div><\/div><\/div><\/div><\/section><section class=\"l-section wpb_row us_custom_5d7447b2 hide_on_default hide_on_laptops height_huge with_img\"><div class=\"l-section-img\" role=\"img\" data-img-width=\"667\" data-img-height=\"304\" style=\"background-image: url(https:\/\/norterodados.com\/agrale\/wp-content\/uploads\/2025\/05\/BANNER_PAGINA_TRACTORES_MOVIL.webp);background-repeat: no-repeat;\"><\/div><div class=\"l-section-h i-cf\"><div class=\"g-cols vc_row via_grid cols_1 laptops-cols_inherit tablets-cols_inherit mobiles-cols_1 valign_top type_default stacking_default\"><div class=\"wpb_column vc_column_container\"><div class=\"vc_column-inner\"><\/div><\/div><\/div><\/div><\/section><section class=\"l-section wpb_row us_custom_cf3d7369 height_huge\"><div class=\"l-section-h i-cf\"><div class=\"g-cols vc_row via_grid cols_1 laptops-cols_inherit tablets-cols_inherit mobiles-cols_1 valign_top type_default stacking_default\"><div class=\"wpb_column vc_column_container\"><div class=\"vc_column-inner\"><h4 class=\"w-text us_custom_17cf854b has_text_color\"><span class=\"w-text-h\"><span class=\"w-text-value\">TRACTORES AGRALE<\/span><\/span><\/h4><div class=\"w-separator us_custom_8ff9c459 size_large\"><\/div><div class=\"w-separator size_medium\"><\/div><div class=\"wpb_text_column us_custom_dd8fd370 has_text_color\"><div class=\"wpb_wrapper\"><p><strong>Potencia que acelera la productividad.<\/strong><\/p>\n<p>AGRALE posee una amplia l\u00ednea de tractores, conformada por diversos modelos que presentan soluciones vers\u00e1tiles para atender las necesidades del mercado agr\u00edcola (la operaci\u00f3n de tractores de Agrale es pionera en el mercado brasile\u00f1o y tiene una caracter\u00edstica b\u00e1sica: el mejor costo-beneficio). Con bajo costo de mantenimiento y excelente rendimiento, los tractores Agrale garantizan una alta productividad.<\/p>\n<\/div><\/div><div class=\"w-separator size_medium\"><\/div><div class=\"g-cols wpb_row hide_on_tablets hide_on_mobiles via_grid cols_1 laptops-cols_inherit tablets-cols_inherit mobiles-cols_1 valign_top type_default stacking_default\" style=\"--gap:1rem;\"><div class=\"wpb_column vc_column_container\"><div class=\"vc_column-inner\"><div class=\"w-hwrapper valign_top align_none\" style=\"--hwrapper-gap:0.4rem\"><div class=\"w-btn-wrapper align_none\"><a class=\"w-btn us-btn-style_5\" href=\"https:\/\/norterodados.com\/agrale\/productos\/tractor-agrale-575-4-compact\/\"><span class=\"w-btn-label\">TRACTOR 575.4 COMPACT<\/span><\/a><\/div><div class=\"w-btn-wrapper align_none\"><a class=\"w-btn us-btn-style_5\" href=\"https:\/\/norterodados.com\/agrale\/productos\/tractor-agrale-575-4-super\/\"><span class=\"w-btn-label\">TRACTOR 575.4 S\u00daPER<\/span><\/a><\/div><div class=\"w-btn-wrapper align_none\"><a class=\"w-btn us-btn-style_5\" href=\"https:\/\/norterodados.com\/agrale\/productos\/tractor-agrale-5105-4\/\"><span class=\"w-btn-label\">TRACTOR 5105<\/span><\/a><\/div><div class=\"w-btn-wrapper align_none\"><a class=\"w-btn us-btn-style_5\" href=\"https:\/\/norterodados.com\/agrale\/productos\/tractor-agrale-bx-6180\/\"><span class=\"w-btn-label\">TRACTOR BX 6180<\/span><\/a><\/div><div class=\"w-btn-wrapper align_none\"><a class=\"w-btn us-btn-style_5\" href=\"https:\/\/norterodados.com\/agrale\/productos\/tractor-agrale-7215\/\"><span class=\"w-btn-label\">TRACTOR 7215<\/span><\/a><\/div><\/div><\/div><\/div><\/div><div class=\"g-cols wpb_row hide_on_default hide_on_laptops via_grid cols_1 laptops-cols_inherit tablets-cols_inherit mobiles-cols_1 valign_top type_default stacking_default\" style=\"--gap:3rem;\"><div class=\"wpb_column vc_column_container\"><div class=\"vc_column-inner\"><div class=\"w-vwrapper align_none valign_top\" style=\"--vwrapper-gap:0.4rem\"><div class=\"w-btn-wrapper align_center\"><a class=\"w-btn us-btn-style_5\" href=\"https:\/\/norterodados.com\/agrale\/productos\/tractor-agrale-575-4-compact\/\"><span class=\"w-btn-label\">TRACTOR 575.4 COMPACT<\/span><\/a><\/div><div class=\"w-btn-wrapper align_center\"><a class=\"w-btn us-btn-style_5\" href=\"https:\/\/norterodados.com\/agrale\/productos\/tractor-agrale-575-4-super\/\"><span class=\"w-btn-label\">TRACTOR 575.4 S\u00daPER<\/span><\/a><\/div><div class=\"w-btn-wrapper align_center\"><a class=\"w-btn us-btn-style_5\" href=\"https:\/\/norterodados.com\/agrale\/productos\/tractor-agrale-5105-4\/\"><span class=\"w-btn-label\">TRACTOR 5105<\/span><\/a><\/div><div class=\"w-btn-wrapper align_center\"><a class=\"w-btn us-btn-style_5\" href=\"https:\/\/norterodados.com\/agrale\/productos\/tractor-agrale-bx-6180\/\"><span class=\"w-btn-label\">TRACTOR BX 6180<\/span><\/a><\/div><div class=\"w-btn-wrapper align_center\"><a class=\"w-btn us-btn-style_5\" href=\"https:\/\/norterodados.com\/agrale\/productos\/tractor-agrale-7215\/\"><span class=\"w-btn-label\">TRACTOR 7215<\/span><\/a><\/div><\/div><\/div><\/div><\/div><\/div><\/div><\/div><\/div><\/section>\n","protected":false},"excerpt":{"rendered":"TRACTORES TRACTORES AGRALEPotencia que acelera la productividad. AGRALE posee una amplia l\u00ednea de tractores, conformada por diversos modelos que presentan soluciones vers\u00e1tiles para atender las necesidades del mercado agr\u00edcola (la operaci\u00f3n de tractores de Agrale es pionera en el mercado brasile\u00f1o y tiene una caracter\u00edstica b\u00e1sica: el mejor costo-beneficio). Con bajo costo de mantenimiento y...","protected":false},"author":1,"featured_media":1390,"parent":0,"menu_order":0,"comment_status":"closed","ping_status":"closed","template":"","meta":{"footnotes":""},"class_list":["post-617","page","type-page","status-publish","has-post-thumbnail","hentry"],"_links":{"self":[{"href":"https:\/\/norterodados.com\/agrale\/wp-json\/wp\/v2\/pages\/617","targetHints":{"allow":["GET"]}}],"collection":[{"href":"https:\/\/norterodados.com\/agrale\/wp-json\/wp\/v2\/pages"}],"about":[{"href":"https:\/\/norterodados.com\/agrale\/wp-json\/wp\/v2\/types\/page"}],"author":[{"embeddable":true,"href":"https:\/\/norterodados.com\/agrale\/wp-json\/wp\/v2\/users\/1"}],"replies":[{"embeddable":true,"href":"https:\/\/norterodados.com\/agrale\/wp-json\/wp\/v2\/comments?post=617"}],"version-history":[{"count":57,"href":"https:\/\/norterodados.com\/agrale\/wp-json\/wp\/v2\/pages\/617\/revisions"}],"predecessor-version":[{"id":1415,"href":"https:\/\/norterodados.com\/agrale\/wp-json\/wp\/v2\/pages\/617\/revisions\/1415"}],"wp:featuredmedia":[{"embeddable":true,"href":"https:\/\/norterodados.com\/agrale\/wp-json\/wp\/v2\/media\/1390"}],"wp:attachment":[{"href":"https:\/\/norterodados.com\/agrale\/wp-json\/wp\/v2\/media?parent=617"}],"curies":[{"name":"wp","href":"https:\/\/api.w.org\/{rel}","templated":true}]}}